 w**2 + 7*w - 5. Let q be n(-8). Give s(q).
-7
Let h(f) be the third derivative of -f**6/30 + 17*f**5/60 - f**4/6 - f**3 - 1109*f**2. What is h(4)?
-6
Let x(r) = 3*r - 1. Let d(u) be the second derivative of u**4/4 - 2*u**3/3 - 11*u**2/2 - 7*u. Let w be d(7). Let o be w/30 + (-6)/(-15). Determine x(o).
11
Let p(j) be the third derivative of j**7/2520 + j**6/144 + 11*j**5/20 + 7*j**2. Let i(k) be the third derivative of p(k). Let c = 19 + -12. What is i(c)?
19
Let q(h) = -4*h**2 - 2*h - 6. Let f(p) = 7*p**2 + 5*p + 11. Let m = 30 + -25. Let j be 3 - 0 - (m + -5). Let l(k) = j*f(k) + 5*q(k). Give l(-2).
-3
Suppose -23*x = -464 + 377 + 386. Let u(b) = b**2 + 10*b - 7. What is u(x)?
32
Let l be 0 + (4664 - 8) + 4 + 1. Let f(y) = y**3 - 4665 + 6*y**2 - 2*y + 3*y + l. Give f(-5).
16
Let k = -6 + 5. Let c be 2 + -1 + k - 7. Let d(i) = 3 + i**3 + 33*i + 0 + 18*i - 58*i + 1 + 6*i**2. Give d(c).
4
Suppose 3*j + 195 = 4*h - 419, -5*h - 371 = 2*j. Let w = j + 197. Let k(f) = -15*f**3 - f**2 + 1. Determine k(w).
15
Suppose 56*o - 48*o + 64 = 0. Let z(i) be the second derivative of -i**3/2 + 4*i**2 - 24*i. What is z(o)?
32
Let j(t) = 26*t**3 - 107*t**2 + 53*t - 122. Let d(s) = 44*s**3 - 178*s**2 + 88*s - 204. Let r(y) = -10*d(y) + 17*j(y). Give r(19).
4
Let q be ((-1)/(-2))/((-2)/16). Let u(i) be the first derivative of i**4/8 + i**3/3 + 317*i**2/2 - 56. Let b(s) be the second derivative of u(s). Give b(q).
-10
Let v(z) = -z. Let q(o) = -2*o. Let i(a) = 4*q(a) - 9*v(a). Suppose 0 = 4*d + 5*m - 50, 5*m + 48 = 6*d + 98. Determine i(d).
0
Let d(t) = 77*t + 38*t + 88*t + 44 - 2*t**2 - 213*t. Calculate d(-7).
16
Let v(k) = -12 + 7 - 3 + k**2 - 9*k. Let n = -17513 + 17522. Determine v(n).
-8
Suppose -3*l = -0*r - r - 13, 3*r = -4*l. Let g(u) = u - 1. Let k(t) = 3*t + 5. Let j(c) = -3*g(c) - k(c). What is j(r)?
22
Let o = 19957 - 19952. Let k(h) = -h**2 + 4*h + 7. What is k(o)?
2
Let t(i) be the third derivative of 0*i - 4/3*i**3 + 1/8*i**4 + 2 - 19*i**2. Let y be 1*2/1*3. Determine t(y).
10
Suppose 0 = 5*j - 28 - 22. Let f(b) = -4 - 10*b + j + b**2 + 10*b. Let u be 0/((-468)/221 + 3/51*2). Give f(u).
6
Let u(s) = -2*s**2 + 42*s + 14. Let o be u(22). Let v be (-2)/(o/73) - 24/(-180). Let l(g) = g**3 - 4*g**2 - 6*g + 7. What is l(v)?
2
Let z(q) = q**3 - 5*q**2 - 5*q - 2. Let f be z(6). Let b(i) = -3 + 8 + f*i + 5 - 2*i. Determine b(-9).
-8
Suppose -6*d = -64 + 159 - 17. Let n(o) = 5*o + 42. Determine n(d).
-23
Let f(q) = -25*q + 32 - 28*q**2 + 131*q**2 - 27*q**2 - q**3 - 26*q**2 - 27*q**2. What is f(22)?
-34
Let u(g) = 2*g - 17. Let q(x) = -x + 8. Let l(w) = 7*q(w) + 3*u(w). Let n(c) = -c**3 - 13*c**2 + c + 7. Let k be n(-13). Determine l(k).
11
Let w(u) = -18*u - 49. Let r be w(-3). Let c(g) = 16*g**3 - 14*g**2 + 4*g - 1. Let n(a) = 3*a**3 - 3*a**2 + a - 1. Let f(y) = 2*c(y) - 11*n(y). Give f(r).
-6
Suppose -5*k + 15*h - 155 = 18*h, 4*k + 97 = 3*h. Let j(s) = s**2 + 26*s - 76. Calculate j(k).
-20
Let q(a) be the second derivative of -a**3/3 + 3*a**2/2 + 5*a + 30. Give q(0).
3
Let v(o) be the second derivative of -o**4/12 + 7*o**3/3 - 9*o**2/2 - 5*o - 1237. Let d(x) = 2*x + 3. Let h be d(4). Calculate v(h).
24
Suppose 53 = 4*x + 3*y, -4*x - 42*y + 46*y = -4. Let c(i) = -5*i**3 - 7*i**2 - 15*i + 18. Let q(t) = t**3 + t - 1. Let h(v) = c(v) + 6*q(v). Give h(x).
4
Suppose 5*n = n - 24. Let d(f) be the second derivative of f**3 + 5*f + 1. Calculate d(n).
-36
Let l = -126 + 128. Let c(s) = 7005*s - 7005*s - 7*s**l + s**3. Let k be (-23)/(-3) + 4/(-6). What is c(k)?
0
Suppose 0 = -2*y + 2*l + 26, 5*l - 8*l = -y + 25. Let m(h) = -h**2 + 10*h - 32. Give m(y).
-11
Let v(m) = m - 6. Let n(q) = -6*q + 24 + 3*q - 5 + 5. Let i be n(9). Let x be 0/(i - (-1 - (-6)/(-2))). Give v(x).
-6
Let n(h) = -h**2 + 1. Let m(d) = -4*d**2 - 7*d + 61. Let k(a) = m(a) - 3*n(a). Let y(i) be the first derivative of k(i). Calculate y(6).
-19
Let h(j) = 4*j - 8. Let y be 6*(-5)/(-35)*7. Let a be 6*(2/y)/((-3)/9). Let i be 1*(-1 + 2 - a). Determine h(i).
20
Let w(c) = -c**2 + 11*c - 36. Let y be -1 + 88/14 + (-144)/504. What is w(y)?
-6
Let m(j) = j**3 - 13*j**2 - 15*j + 12. Let a(t) = -t**3 - 20*t**2 - 34*t + 31. Let h be a(-17). Let c = -244 - h. Determine m(c).
-2
Let q(l) = 3*l**3 + 3*l**2 - 2. Suppose -t = -2*p - 33, -4*p - 89 - 8 = -3*t. Suppose t*c = -57 - 5. Determine q(c).
-14
Let a = -1919 - -1914. Let o(y) = -y**3 - 6*y**2 + 3*y + 3. Give o(a).
-37
Suppose 4*r - 9 = 7. Let w(s) = 7*s + 15*s + 6*s - 27*s + 1. Give w(r).
5
Suppose 52*i + 140 = -68. Let c(b) = b + 10. What is c(i)?
6
Let l(c) = 4*c + 45. Let r = -292 - -280. Let u be l(r). Let z(g) = g + 3. What is z(u)?
0
Let y(x) = -117*x + 75. Let j(k) = -44*k + 25. Let w(g) = 8*j(g) - 3*y(g). Calculate w(-18).
-7
Let n(r) = 2*r**3 - r**2 - 2*r - 139. Let k be n(0). Let p = 134 + k. Let s(m) be the second derivative of -m**4/12 - 2*m**3/3 + m. What is s(p)?
-5
Let q(z) = -92 - 183*z + 115*z + 48*z + 45*z. Determine q(5).
33
Let s(q) = -4*q**2 + 9*q - 1. Let j(z) = z**3 - 22*z**2 - 2*z + 46. Let g be j(22). Let n be s(g). Let a(p) = 16*p**2 - 2*p + 1. Calculate a(n).
15
Let s = -198 + 221. Suppose s*t + 180 = -7*t. Let d(y) = y**2 + 2*y - 4. Determine d(t).
20
Let m(n) = 0*n + 2*n - 7 - 6*n - 2*n. Let q(j) = 5*j + 7. Let c be (39/(-6) + 7/(-14))/1. Let u(v) = c*q(v) - 6*m(v). What is u(3)?
-4
Suppose -o - 5 = -2*g, o = 2*g + 2*o - 11. Let a = 224 - 224. Let f(n) = a - 16 - 2*n + n**2 + 12. Determine f(g).
4
Suppose 5*o + 3*r - 34 = 0, -2*o - 3*o + 2*r + 44 = 0. Let t(v) = -v - o*v**2 - 3 + 11 - 7. Give t(1).
-8
Let m(q) = -q**3 - 10*q**2 - 3*q - 24. Let l = 21774 - 21784. What is m(l)?
6
Let y(p) = -52*p - 3. Let h be y(-1). Let n = -88 + h. Let z = n + 42. Let a(d) = -d**3 + 2*d**2 - d + 2. Give a(z).
-10
Let c(q) be the third derivative of 0 + 0*q**3 + 2*q**2 + 0*q**5 - 14*q - 1/120*q**6 + 0*q**4. Determine c(2).
-8
Let x = 1390 - 1372. Let i(r) = -r**3 + 18*r**2 + 3*r - 34. Give i(x).
20
Suppose 2149 = -116*n - 1563. Let l(q) = q**3 + 33*q**2 + 32*q + 13. Determine l(n).
13
Let j(n) = -n**2 - 3 + 0*n + 5 + n. Suppose 311*v - 314*v - 2*i = -20, -40 = 4*v - 4*i. Calculate j(v).
2
Let z(r) = 19*r + 89*r + 9*r + 68*r. Let h(b) = -31*b. Let q(l) = -25*h(l) - 4*z(l). What is q(1)?
35
Let f(u) = -4*u + 5 + u**2 - 4 - 5*u. Let i be 32/(-10) + 3 - 216/(-30). Calculate f(i).
-13
Let l = 14 + 0. Let x(n) = -n**3 + 14*n**2 - 2*n + 27. Let q be x(l). Let z(v) = v**2 + v. Give z(q).
0
Suppose 4*d = 4, -5*h - 3 = -3*d + 5. Let o be 1 + h - 0 - -6. Let f(j) = j**3 - 6*j**2 + j - 5. Give f(o).
1
Let i(s) be the second derivative of 5*s**3/3 + 13*s**2/2 + s - 4. Let t(d) = 15*d + 20. Let w(g) = -8*i(g) + 5*t(g). Give w(-4).
16
Let t(r) be the third derivative of -r**4/6 - 127*r**2 - 2*r. Give t(3).
-12
Let w(k) = -k**2 - 6*k - 5. Suppose -2*z = 11 + 101. Let a = 50 + z. Give w(a).
-5
Let p = 4438 - 4438. Let l(r) = r**2 + 6*r - 13. Calculate l(p).
-13
Let l = -63 - -58. Let s(p) = -140*p - 252. Let j(o) = 14*o + 25. Let r(k) = -21*j(k) - 2*s(k). Let u(n) = 5*n + 7. Let g(d) = 3*r(d) + 8*u(d). Give g(l).
3
Let k(p) = 6838*p - 6831*p - 19 + p**2 + 10. Let d be (-96)/(-18)*3/(-2). Calculate k(d).
-1
Let w be (12/8)/((-7)/(-14)). Let q be 28/(-7) - 21/w. Let i(h) = h**3 + 11*h**2 - h - 5. What is i(q)?
6
Let y(o) = 8*o**2 - 2*o + 12. Let a = -27 - -22. Let k(s) = -13*s**2 + 3*s - 19. Let n(f) = a*k(f) - 8*y(f). Give n(1).
1
Let y(x) = -2*x**3 - 10*x**2 + x + 9. Suppose 106 = 58*o + 146*o + 1126. Determine y(o).
4
Let l = 8 - -3. Let a(t) = 2*t**2 + 14*t + 5. Let r be a(-7). Suppose 0 = -z + 4*u - l, -z = -3*z + r*u - 16. Let j(h) = h**3 + 2*h**2 + 2*h + 1. What is j(z)?
-14
Let y(z) = 47 + 44 + 46 - 151 + 17*z + 70. Give y(-3).
5
Let o(v) be the second derivative of v**3/6 - 13*v**2/2 + 2337*v. What is o(2)?
-11
Suppose 2*v - 4*v = -8. Let p(f) = -2*f**3 - 13*f**2 + 68*f - 19. Let g be p(-10). Let w(k) = k + 4. Let d(o) = o. Let u(r) = g*w(r) - 3*d(r). Give u(v).
-4
Let r(a) be the first derivative of -a**4/6 + a**2/2 - 77*a + 82. Let v(c) be the first derivative of r(c). What is v(2)?
-7
Let a(p) = p + 4. Let q(c) = -1. Let l(n) = -4*a(n) + 36*q(n). Let y be l(-15). Let z(i) = -y*i**2 - 2*i**2 - i**2 + 9*i**2 - 1. Calculate z(1).
-3
Let q(d) = -3*d + 6